d by 141.
45
Calculate the remainder when 82 is divided by 53.
29
Calculate the remainder when 111 is divided by 33.
12
What is the remainder when 178 is divided by 68?
42
Calculate the remainder when 4535 is divided by 44.
3
Calculate the remainder when 474 is divided by 19.
18
Calculate the remainder when 194 is divided by 25.
19
Calculate the remainder when 1185 is divided by 99.
96
Calculate the remainder when 78 is divided by 17.
10
What is the remainder when 5733 is divided by 19?
14
Calculate the remainder when 524 is divided by 8.
4
What is the remainder when 119 is divided by 35?
14
What is the remainder when 394 is divided by 16?
10
What is the remainder when 261 is divided by 21?
9
Calculate the remainder when 315 is divided by 4.
3
Calculate the remainder when 404 is divided by 82.
76
Calculate the remainder when 389 is divided by 5.
4
Calculate the remainder when 10391 is divided by 12.
11
Calculate the remainder when 34055 is divided by 9.
8
Calculate the remainder when 13136 is divided by 36.
32
Calculate the remainder when 1148 is divided by 25.
23
Calculate the remainder when 113 is divided by 49.
15
What is the remainder when 616 is divided by 48?
40
What is the remainder when 195 is divided by 26?
13
Calculate the remainder when 31 is divided by 25.
6
Calculate the remainder when 112 is divided by 41.
30
Calculate the remainder when 18 is divided by 14.
4
What is the remainder when 216 is divided by 110?
106
What is the remainder when 1147 is divided by 209?
102
What is the remainder when 55 is divided by 35?
20
Calculate the remainder when 321 is divided by 46.
45
Calculate the remainder when 127 is divided by 53.
21
What is the remainder when 185 is divided by 24?
17
What is the remainder when 163 is divided by 99?
64
Calculate the remainder when 3730 is divided by 3725.
5
What is the remainder when 279 is divided by 87?
18
What is the remainder when 1118 is divided by 66?
62
What is the remainder when 540 is divided by 32?
28
Calculate the remainder when 267 is divided by 39.
33
What is the remainder when 2437 is divided by 38?
5
Calculate the remainder when 75 is divided by 16.
11
What is the remainder when 999 is divided by 59?
55
Calculate the remainder when 6512 is divided by 62.
2
Calculate the remainder when 1524 is divided by 61.
60
Calculate the remainder when 18479 is divided by 60.
59
What is the remainder when 956 is divided by 104?
20
Calculate the remainder when 67 is divided by 11.
1
Calculate the remainder when 1310 is divided by 347.
269
What is the remainder when 162 is divided by 38?
10
Calculate the remainder when 79 is divided by 17.
11
What is the remainder when 123 is divided by 63?
60
Calculate the remainder when 2167 is divided by 75.
67
Calculate the remainder when 726 is divided by 26.
24
Calculate the remainder when 155 is divided by 28.
15
What is the remainder when 274 is divided by 36?
22
Calculate the remainder when 53 is divided by 13.
1
What is the remainder when 62 is divided by 11?
7
What is the remainder when 764 is divided by 129?
119
What is the remainder when 149 is divided by 30?
29
What is the remainder when 146 is divided by 64?
18
What is the remainder when 47 is divided by 16?
15
Calculate the remainder when 9377 is divided by 4682.
13
Calculate the remainder when 24622 is divided by 72.
70
What is the remainder when 1360 is divided by 449?
13
Calculate the remainder when 127 is divided by 28.
15
What is the remainder when 211 is divided by 27?
22
Calculate the remainder when 272 is divided by 207.
65
Calculate the remainder when 10858 is divided by 60.
58
What is the remainder when 14 is divided by 11?
3
Calculate the remainder when 136 is divided by 94.
42
What is the remainder when 61 is divided by 38?
23
Calculate the remainder when 583 is divided by 39.
37
What is the remainder when 164 is divided by 46?
26
Calculate the remainder when 3544 is divided by 883.
12
What is the remainder when 138 is divided by 126?
12
Calculate the remainder when 158 is divided by 53.
52
What is the remainder when 866 is divided by 79?
76
What is the remainder when 1042 is divided by 332?
46
Calculate the remainder when 936 is divided by 126.
54
What is the remainder when 6235 is divided by 21?
19
What is the remainder when 5049 is divided by 266?
261
Calculate the remainder when 488 is divided by 25.
13
Calculate the remainder when 497 is divided by 39.
29
Calculate the remainder when 138 is divided by 126.
12
What is the remainder when 1441 is divided by 38?
35
Calculate the remainder when 80 is divided by 1.
0
Calculate the remainder when 243 is divided by 65.
48
Calculate the remainder when 43 is divided by 19.
5
What is the remainder when 15508 is divided by 13?
12
What is the remainder when 471 is divided by 43?
41
What is the remainder when 539 is divided by 28?
7
Calculate the remainder when 126 is divided by 16.
14
Calculate the remainder when 494 is divided by 15.
14
Calculate the remainder when 134 is divided by 46.
42
Calculate the remainder when 186 is divided by 44.
10
Calculate the remainder when 309 is divided by 8.
5
What is the remainder when 1701 is divided by 61?
54
Calculate the remainder when 345 is divided by 8.
1
What is the remainder when 783 is divided by 193?
11
Calculate the remainder when 151 is divided by 15.
1
Calculate the remainder when 4334 is divided by 1444.
2
Calculate the remainder when 72 is divided by 44.
28
Calculate the remainder when 788 is divided by 7.
4
Calculate the remainder when 639 is divided by 8.
7
Calculate the remainder when 612 is divided by 88.
84
What is the remainder when 143 is divided by 21?
17
Calculate the remainder when 1259 is divided by 140.
139
Calculate the remainder when 561 is divided by 272.
17
Calculate the remainder when 612 is divided by 47.
1
Calculate the remainder when 3353 is divided by 129.
128
Calculate the remainder when 163 is divided by 11.
9
Calculate the remainder when 481 is divided by 137.
70
What is the remainder when 453 is divided by 87?
18
What is the remainder when 32 is divided by 9?
5
What is the remainder when 502 is divided by 63?
61
What is the remainder when 1131 is divided by 59?
10
What is the remainder when 34943 is divided by 101?
98
Calculate the remainder when 217 is divided by 51.
13
What is the remainder when 1701 is divided by 116?
77
What is the remainder when 97 is divided by 30?
7
Calculate the remainder when 183 is divided by 31.
28
What is the remainder when 297 is divided by 7?
3
Calculate the remainder when 1934 is divided by 120.
14
Calculate the remainder when 523 is divided by 85.
13
Calculate the remainder when 189 is divided by 32.
29
What is the remainder when 531 is divided by 136?
123
Calculate the remainder when 641 is divided by 28.
25
Calculate the remainder when 188 is divided by 96.
92
Calculate the remainder when 2375 is divided by 22.
21
Calculate the remainder when 147 is divided by 15.
12
Calculate the remainder when 285 is divided by 122.
41
What is the remainder when 3045 is divided by 10?
5
What is the remainder when 2274 is divided by 36?
6
What is the remainder when 728 is divided by 11?
2
What is the remainder when 35 is divided by 30?
5
Calculate the remainder when 893 is divided by 294.
11
Calculate the remainder when 229 is divided by 51.
25
Calculate the remainder when 2502 is divided by 282.
246
What is the remainder when 148 is divided by 42?
22
Calculate the remainder when 132 is divided by 46.
40
Calculate the remainder when 414 is divided by 38.
34
Calculate the remainder when 479 is divided by 30.
29
What is the remainder when 133 is divided by 56?
21
What is the remainder when 54 is divided by 8?
6
Calculate the remainder when 179 is divided by 92.
87
What is the remainder when 25 is divided by 18?
7
What is the remainder when 2303 is divided by 55?
48
Calculate the remainder when 86 is divided by 15.
11
Calculate the remainder when 163 is divided by 28.
23
What is the remainder when 3254 is divided by 1076?
26
What is the remainder when 54 is divided by 43?
11
Calculate the remainder when 681 is divided by 76.
73
What is the remainder when 97 is divided by 15?
7
What is the remainder when 51 is divided by 22?
7
Calculate the remainder when 48 i